 y*i - 1032 = -4*i. What is the tens digit of i?
7
Suppose 0 = -y + 5*x + 415, 16*y - 1245 = 13*y - 3*x. Let o = -239 + y. What is the units digit of o?
6
Let q(x) = -x**2 - 18*x - 44. Let k be q(-8). Let n(d) = 3*d**2 - 88*d + 49. What is the tens digit of n(k)?
6
Suppose 15 = g + 18. Let s(f) = -31*f**2 - f - 1. Let v be s(g). Let i = -183 - v. What is the units digit of i?
4
Let a = -118 - -70. Let r = -45 - a. Suppose r*k = 6*k - 306. What is the hundreds digit of k?
1
Let s = 632 - 145. What is the tens digit of s?
8
Suppose 3*o - v - 9401 = v, -3135 = -o + v. Suppose -7*f + o = -3316. What is the hundreds digit of f?
9
Let p(c) = -736*c + 10646. What is the hundreds digit of p(0)?
6
Suppose 203373 = 44*l - 44171. What is the tens digit of l?
2
Suppose -3*j - 11028 = 3*c - 38559, -5*j = -5*c + 45825. What is the hundreds digit of c?
1
Let a = 31 - 71. Let y = a - -41. What is the units digit of (65/52)/(y/64)?
0
Suppose 6*j = 3*j. Suppose -2*q - 3 + 7 = j. Suppose q*l = -l + 93. What is the tens digit of l?
3
Suppose 3*q + q - 4 = 0, 3*v = 2*q + 10. Let k = -3960 - -4532. Suppose -5*g + p = -k, 0 = -0*g - g - v*p + 106. What is the units digit of g?
4
What is the ten thousands digit of (96/(-80))/(-2) + (-393)/(-15)*1477?
3
Let n = 525 - 537. What is the tens digit of 460 + (0 - 5 - n)?
6
Let c(q) = 10715*q**2 - 21*q + 19. What is the units digit of c(1)?
3
Let c be (32/(-6))/(90/(-135)). Let s(k) be the first derivative of k**3/3 + 7*k**2/2 - 27*k + 1. What is the units digit of s(c)?
3
Let k(m) = 7*m**3 + m**2 + 6*m + 4. Let q be k(-1). What is the tens digit of 3 - ((-1556)/(-8))/(4/q)?
9
Suppose 0 = -3*c - 4*f + 1246, -3*f = c - 132 - 280. Suppose -2*p + c = 3*y, p + 5*y - 205 = 18. What is the tens digit of p?
0
Suppose -2*b - 3008 = -2*f - 26072, -57670 = -5*b - 5*f. What is the units digit of b?
3
Let x = 175 + -152. Suppose x*d - y = 25*d - 290, -d - 5*y = -163. What is the hundreds digit of d?
1
Let d(z) = 1036*z - 4 - 7*z**2 - 1031*z - 13. Let g(j) = 4*j**2 - 2*j + 9. Let p(f) = -3*d(f) - 5*g(f). What is the units digit of p(0)?
6
Suppose 0 = -8*y - 10843 + 3115. What is the units digit of 52/6*y/(-28)?
9
Let j = -5 - -9. Suppose -j*q = 131 + 49. What is the units digit of q/12*16/(-12)?
5
Suppose 56*h - 311 = 34*h + 520627. What is the units digit of h?
9
Let h = 635 + 1199. Suppose 59*p + h = 66*p. What is the units digit of p?
2
Let i = 7480 - 3634. What is the thousands digit of i?
3
Suppose 4*f - 106 = 30. Suppose -2*t + 92 = 5*m + t, 0 = 2*m + 4*t - f. Let o(v) = v**2 - 13*v - 34. What is the tens digit of o(m)?
8
Let y(k) = -2*k + 21. Let a be y(9). Suppose 0 = 5*b + a*r - 31, r - 16 = -4*b + 3*r. Suppose b*v - 186 = -v. What is the units digit of v?
1
Suppose -b + 23 = -4*k, 5*b + 68 = -4*k + 279. Suppose -40*o + 11 = -b*o. Suppose o - 3 = z. What is the units digit of z?
8
Suppose 3*h + 2*b - 41507 = -1987, 2*b = -4*h + 52696. What is the tens digit of h?
7
Let r(t) = -t**3 + 5*t**2 + 10*t - 2. Let h be r(6). Let z = h - -66. Let p = z + -51. What is the units digit of p?
7
What is the ten thousands digit of 21590 + (-10*2/(-12))/((-22)/(-66))?
2
Suppose 5*p + 2*z = -55, 5*p + z = -4*z - 70. What is the tens digit of (-60147)/82*20/p?
3
What is the units digit of (-4)/(-40) - 7996401/(-840) - 3/(-8)?
0
Let d(m) = 167*m - 16. Let u(o) = -166*o + 15. Let q(y) = 5*d(y) + 6*u(y). What is the hundreds digit of q(-2)?
3
Let x = 114 - 80. Let i = -39 + x. Let u(b) = -22*b - 15. What is the units digit of u(i)?
5
Let l(a) = 5*a**2 - 22*a - 26. Suppose -4*g = -7 + 31. What is the hundreds digit of l(g)?
2
Let y = 3230 + 44239. What is the units digit of y?
9
Let x = 1106 + -652. Let z = x + -212. What is the units digit of z?
2
Suppose 0 = -407*d + 454*d - 208398. What is the thousands digit of d?
4
Suppose 115*s = 24*s + 664482. What is the hundreds digit of s?
3
Let f = 78 + -72. Suppose -8*o + f*o + 190 = 0. Suppose 0 = 5*z + 4*q - 257, 2*z - 2*q - o = -q. What is the tens digit of z?
4
What is the units digit of -316 + 313 + 1*9411?
8
Let j = 457 + -451. Let g(m) = 7*m**3 - 9*m**2 + 5*m + 7. What is the tens digit of g(j)?
2
Let k(v) be the third derivative of v**6/60 + v**5/15 + v**4/4 + 5*v**3/6 - v**2 - 9. Let a be k(5). Suppose -3*m = -8 - a. What is the hundreds digit of m?
1
Suppose -s = -26 - 1. Let a(n) = -6*n - 225. Let c be a(-36). Let v = c + s. What is the tens digit of v?
1
Let r be (28/(-70))/((-6 + 3)/21435). Suppose 20671 + r = 31*h. What is the units digit of h?
9
Suppose -5*v + 88 + 343 = -2*r, 3*v - 3*r = 255. Let a(t) = t**2 - 14*t + 3. Let p be a(13). Let s = p + v. What is the tens digit of s?
7
Let h = -106 - -248. Suppose -139*s = -h*s. Suppose s = -4*l - 46 + 294. What is the tens digit of l?
6
Suppose -48*o = -44*o - 2629 - 16699. What is the thousands digit of o?
4
Let h = -1212 - -2089. What is the tens digit of h?
7
Let v(z) = 260*z + 24. Let m be v(3). Suppose 3*d - m - 1296 = 0. What is the units digit of d?
0
Let r(m) = -12*m. Let y be 8/(-10) + 1/(-5). Let v be r(y). Suppose -956 + v = -8*l. What is the tens digit of l?
1
Suppose y + 1706*b = 1708*b + 1610, 5*b = 3*y - 4832. What is the units digit of y?
4
Let u(q) = q**2 - 9*q + 27. Let c be u(9). Suppose -1480 = c*y - 28*y. What is the thousands digit of y?
1
Let n(w) = 28*w**2 - 170*w - 5910. What is the thousands digit of n(-38)?
0
Let o(y) = 548*y**2 + 8*y - 2. Suppose 0 = -20*a + 17*a + 3. What is the tens digit of o(a)?
5
Suppose 4*i + 15574 = -g + 69316, 2*g - 13432 = -i. What is the hundreds digit of i?
4
Let p(z) = -36*z - 4. Let v be p(-2). Let x = v + -65. Suppose 53 = x*y - o - 228, 473 = 5*y + 3*o. What is the units digit of y?
4
Let s be 32/7 + 12/28. Suppose -3*o + 8 = -s*j, 3*o + 17 = -j + 1. What is the units digit of (34/j + (-5)/(-10))*-6?
8
What is the units digit of (75/6)/((-8)/(-3936))?
0
Let j(p) = 22*p**2 + 4*p**2 + 864*p**3 - 30*p + 4*p. Let b(m) = 173*m**3 + 5*m**2 - 5*m. Let x(z) = 11*b(z) - 2*j(z). What is the units digit of x(1)?
5
Let i(g) = -g + 29. Let b be i(-10). Suppose -10*c + 9*c + b = 0. Let x = 51 - c. What is the tens digit of x?
1
What is the units digit of (-190185)/(-620)*(1 - -15)?
8
Suppose -58*s + 28*s + 33*s - 33486 = 0. What is the ten thousands digit of s?
1
Let c = -41 - -43. Let o be (c/3)/((-2)/1620 - 0). What is the hundreds digit of 30*(o/8)/(-9)?
2
Suppose 4*s + 28 = 4*n, 0 = -4*n + 5*s - 7 + 33. What is the tens digit of n/(-12)*-4*72?
1
Let z = 359 + 174. Suppose -4*r + 2156 = 4*g, 0 = -r - 3*g + 4*g + z. What is the units digit of r?
6
Suppose -32*y + 27*y + 20 = 0, -2*a - y + 8552 = 0. What is the thousands digit of a?
4
Let c(s) = -145*s - 625. What is the thousands digit of c(-54)?
7
Let o = -59009 - -114355. What is the ten thousands digit of o?
5
Let p(c) = -23*c**3 - 10*c**2 + 39*c + 5. What is the hundreds digit of p(-11)?
9
Let z(g) = -399*g + 16. Let t(v) = -v**2 - 37*v - 212. Let l be t(-30). What is the hundreds digit of z(l)?
8
Let t be 429/(-132)*((-4)/(-2) - 6). Suppose t*q + 117 - 6058 = 0. What is the tens digit of q?
5
Suppose 3*o - 12 = 0, 2*q - 3*q = 4*o - 19. Let j(z) = 7*z + 4 + 11*z - 2*z - q*z. What is the units digit of j(11)?
7
Suppose 2*f - 46801 = -w - 10958, 0 = w - 3*f - 35803. What is the thousands digit of w?
5
Let p = 198 + -290. Let r = p + -34. Let f = 242 + r. What is the tens digit of f?
1
Suppose -5*h - 28 = -l, 13 = 4*l - 2*h - 9. Let v(a) = a**l + 12 + 1 - a**2 - 3 + 0*a**3. What is the tens digit of v(6)?
9
Suppose 6*y + 10 = 8*y. Suppose -i - 1 = 0, -403 = -2*u - y*i + 882. What is the tens digit of u?
4
Let x(o) be the third derivative of -o**6/720 + 29*o**5/120 - 11*o**4/12 - 14*o**2. Let r(a) be the second derivative of x(a). What is the units digit of r(-9)?
8
Let z(r) = 6 - 3*r + 13 + 17. Let l be z(32). What is the hundreds digit of l*((-610)/150 + 1/(-3))?
2
Suppose 2*r - 4*w - 14 = 4*r, -2*r + 16 = -2*w. Suppose r*x + 469 - 1195 = 0. What is the tens digit of x?
4
Let a = 213 + -400. Let k = 321 + a. Let p = k - -53. What is the hundreds digit of p?
1
Suppose 0 = -490*h + 483*h + 7. What is the units digit of ((-12891)/(-9) - 6/(-9)) + h?
4
Suppose -6018 = k + 12747. What is the tens digit of ((k/(-30))/3)/((-6)/(-28))?
7
Suppose 